{"id":1056,"date":"2014-06-23T22:50:03","date_gmt":"2014-06-23T20:50:03","guid":{"rendered":"http:\/\/kulturinderkirche.ch\/wordpress\/?page_id=1056"},"modified":"2014-07-11T00:01:44","modified_gmt":"2014-07-10T22:01:44","slug":"anreise","status":"publish","type":"page","link":"https:\/\/www.kulturinderkirche.ch\/wordpress\/?page_id=1056","title":{"rendered":"ANREISE"},"content":{"rendered":"<p><a href=\"https:\/\/www.google.ch\/maps\/place\/Hasliweg+4,+3186+D%C3%BCdingen\/@46.8512819,7.1960665,17z\/data=!3m1!4b1!4m2!3m1!1s0x478e6bc819aca083:0x168be83cb0a01be1?hl=de\" target=\"_blank\"><img loading=\"lazy\" decoding=\"async\" src=\"https:\/\/www.kulturinderkirche.ch\/wordpress\/wp-content\/uploads\/2014\/06\/anreise.jpg\" alt=\"anreise\" width=\"400\" height=\"400\" class=\"alignright size-full wp-image-1319\" srcset=\"https:\/\/www.kulturinderkirche.ch\/wordpress\/wp-content\/uploads\/2014\/06\/anreise.jpg 650w, https:\/\/www.kulturinderkirche.ch\/wordpress\/wp-content\/uploads\/2014\/06\/anreise-150x150.jpg 150w, https:\/\/www.kulturinderkirche.ch\/wordpress\/wp-content\/uploads\/2014\/06\/anreise-300x300.jpg 300w, https:\/\/www.kulturinderkirche.ch\/wordpress\/wp-content\/uploads\/2014\/06\/anreise-144x144.jpg 144w\" sizes=\"auto, (max-width: 400px) 100vw, 400px\" \/><\/a><\/p>\n<h3>Mit dem \u00d6V<\/h3>\n<p>Anreise mit dem Zug nach D\u00fcdingen. Danach 9 Minuten (500 m) zu Fuss der Bahnhofstrasse und Brugerastrasse den H\u00fcgel hinauf folgen. Die Reformierte Kirche befindet sich oben auf dem H\u00fcgel auf der linken Seite.<\/p>\n<p>&nbsp;<\/p>\n<h3>Mit dem Auto<\/h3>\n<p>Ab Autobahnausfahrt Richtung Dorfzentrum\/Bahnhof, im Bahnhofkreisel 3. Ausfahrt nehmen, via Bahnhofstrasse und Brugerastrasse bis oben auf den H\u00fcgel folgen. Die Reformierte Kirche befindet sich gleich auf der linken Seite am Hasliweg 4. Der Parkplatz steht den Kulturbesuchern gratis zur Verf\u00fcgung (Die Parkzeitbeschr\u00e4nkung gilt nur bis 19:00 Uhr). Es kann zus\u00e4tzlich auch auf dem oberen Platz direkt vor dem Reformierten Zentrum parkiert werden.<br \/>\n<br \/>&nbsp;<br \/>\n<br \/>&nbsp;<br \/>\n<br \/>&nbsp;<\/p>\n","protected":false},"excerpt":{"rendered":"<p>Mit dem \u00d6V Anreise mit dem Zug nach D\u00fcdingen. Danach 9 Minuten (500 m) zu Fuss der Bahnhofstrasse und Brugerastrasse den H\u00fcgel hinauf folgen. Die Reformierte Kirche befindet sich oben auf dem H\u00fcgel auf der linken Seite. &nbsp; Mit dem Auto Ab Autobahnausfahrt Richtung Dorfzentrum\/Bahnhof, im Bahnhofkreisel 3. Ausfahrt nehmen, via Bahnhofstrasse und Brugerastrasse bis [&hellip;]<\/p>\n","protected":false},"author":1,"featured_media":0,"parent":0,"menu_order":0,"comment_status":"closed","ping_status":"open","template":"","meta":{"footnotes":""},"class_list":["post-1056","page","type-page","status-publish","hentry"],"aioseo_notices":[],"_links":{"self":[{"href":"https:\/\/www.kulturinderkirche.ch\/wordpress\/index.php?rest_route=\/wp\/v2\/pages\/1056","targetHints":{"allow":["GET"]}}],"collection":[{"href":"https:\/\/www.kulturinderkirche.ch\/wordpress\/index.php?rest_route=\/wp\/v2\/pages"}],"about":[{"href":"https:\/\/www.kulturinderkirche.ch\/wordpress\/index.php?rest_route=\/wp\/v2\/types\/page"}],"author":[{"embeddable":true,"href":"https:\/\/www.kulturinderkirche.ch\/wordpress\/index.php?rest_route=\/wp\/v2\/users\/1"}],"replies":[{"embeddable":true,"href":"https:\/\/www.kulturinderkirche.ch\/wordpress\/index.php?rest_route=%2Fwp%2Fv2%2Fcomments&post=1056"}],"version-history":[{"count":24,"href":"https:\/\/www.kulturinderkirche.ch\/wordpress\/index.php?rest_route=\/wp\/v2\/pages\/1056\/revisions"}],"predecessor-version":[{"id":1321,"href":"https:\/\/www.kulturinderkirche.ch\/wordpress\/index.php?rest_route=\/wp\/v2\/pages\/1056\/revisions\/1321"}],"wp:attachment":[{"href":"https:\/\/www.kulturinderkirche.ch\/wordpress\/index.php?rest_route=%2Fwp%2Fv2%2Fmedia&parent=1056"}],"curies":[{"name":"wp","href":"https:\/\/api.w.org\/{rel}","templated":true}]}}